 = 3*c**2 - 68*c + 239. What is s(15)?
-106
Let k(a) = 3*a**2 - 13*a + 74. Determine k(5).
84
Let k(r) = -95*r**2 + 71*r - 157. Calculate k(3).
-799
Let t(a) = -a**2 - 40*a + 395. Calculate t(-50).
-105
Let r(d) = -8*d**3 - 6*d**2 + 7*d. Determine r(2).
-74
Let s(t) = -267*t - 23516. Calculate s(-88).
-20
Let h(v) = -74*v - 42. Give h(-1).
32
Let m(l) = -97*l**2 - 4*l - 12. What is m(0)?
-12
Let h(n) = -n**3 + 50*n**2 + 8*n - 381. What is h(50)?
19
Let f(t) = -124*t + 1116. Give f(9).
0
Let w(y) = -y**3 + 11*y**2 - 48*y - 11. Give w(4).
-91
Let n(d) = d**2 - 31*d + 210. Determine n(13).
-24
Let a(k) = 301*k + 877. Determine a(-3).
-26
Let g(s) = -s**2 - 854*s - 35642. Determine g(-44).
-2
Let i(s) = -7*s + 57. Determine i(7).
8
Let i(g) = g**3 - 17*g**2 + 38*g - 35. Calculate i(15).
85
Let b(d) = -d**3 + 3*d**2 + 10*d + 50. Give b(6).
2
Let r(f) = -31*f + 1566. Determine r(48).
78
Let s(y) = -2*y**3 - 209*y**2 + 319*y + 131. What is s(-106)?
25
Let h(r) = -7*r**2 + 42*r - 120. Calculate h(4).
-64
Let s(t) = 34*t**3 + 21*t**2 - 21*t + 1. What is s(1)?
35
Let d(x) = 7*x - 148. Give d(-31).
-365
Let g(w) = -315*w + 3169. What is g(10)?
19
Let w(x) = x**2 + 27*x + 161. Calculate w(-8).
9
Let b(g) = g**3 + 14*g**2 + 16*g - 109. Give b(-12).
-13
Let k(d) = 18*d - 331. What is k(18)?
-7
Let c(a) = -13*a + 1049. What is c(89)?
-108
Let p(v) = 2*v**3 + 138*v**2 - 2129*v + 232. Calculate p(-82).
-14
Let o(s) = -72*s + 480. Determine o(7).
-24
Let f(m) = -65*m - 2399. Calculate f(-37).
6
Let r(c) = c**3 + 11*c**2 + 11*c - 22. Determine r(-11).
-143
Let c(l) = l**2 - 28*l - 62. Give c(31).
31
Let i(l) = 340*l + 253. Give i(-2).
-427
Let u(s) = s**3 - 2*s**2 - 58*s + 238. Give u(5).
23
Let g(v) = 789*v + 46551. Give g(-59).
0
Let q(r) = 66*r + 227. Give q(-4).
-37
Let o(u) = -u**3 - 7*u**2 - 107*u - 586. Give o(-5).
-101
Let c(s) = -47*s - 988. Calculate c(-20).
-48
Let b(y) = 867*y - 112710. Give b(130).
0
Let f(u) = -2*u**3 + 36*u**2 - 29*u + 590. Calculate f(18).
68
Let u(q) = -2*q**2 + 251*q + 750. Give u(-3).
-21
Let i(v) = 22*v - 33. What is i(-15)?
-363
Let v(p) = 139*p - 2215. Give v(16).
9
Let s(o) = 12*o**3 + 11*o**2 + 33*o - 10. What is s(-3)?
-334
Let j(m) = 3407*m - 17. Calculate j(0).
-17
Let u(k) = -k - 23. Determine u(-8).
-15
Let w(m) = 46*m**2 + 136*m + 7. What is w(-3)?
13
Let u(q) = 2*q**3 + 10*q**2 - 51*q - 33. Calculate u(-8).
-9
Let q(z) = 6*z**2 + 9*z + 17. Give q(-3).
44
Let j(s) = s**2 - 28*s - 99. What is j(-3)?
-6
Let z(j) = j**3 + 41*j**2 + 2*j - 1541. Determine z(-40).
-21
Let k(s) = -2*s**2 - 40*s + 197. What is k(-24)?
5
Let c(r) = r**2 + 89*r + 621. What is c(-81)?
-27
Let b(p) = -p**2 - 78*p - 1416. Calculate b(-51).
-39
Let b(m) = -24*m - 121. Determine b(-6).
23
Let t(a) = -338*a - 1107. What is t(-2)?
-431
Let i(n) = -810*n - 21871. What is i(-27)?
-1
Let o(q) = 2*q**2 + 53*q + 261. Calculate o(-6).
15
Let m(c) = -c**3 - 157*c**2 - 155*c + 160. Give m(-156).
4
Let j(i) = -59*i**2 - 591*i + 53. Calculate j(-10).
63
Let f(q) = 2*q**3 - 3*q**2 - 17*q + 49. Determine f(4).
61
Let q(d) = 4*d - 186. Determine q(21).
-102
Let z(k) = 202*k - 4449. What is z(22)?
-5
Let d(o) = -17198*o - 17186. Determine d(-1).
12
Let l(g) = -390*g + 2523. Give l(5).
573
Let y(x) = -3*x**3 + 3*x**2 + 95*x - 245. Give y(3).
-14
Let a(q) = q**2 + 60*q - 1696. Determine a(21).
5
Let g(t) = 12*t + 210. Give g(-11).
78
Let i(n) = n**2 + 16*n - 662. Determine i(19).
3
Let c(n) = -n**3 - 12*n**2 + 62*n - 38. Determine c(-16).
-6
Let q(x) = -6*x - 211. Calculate q(2).
-223
Let k(t) = -t**2 - 3*t + 13. Determine k(5).
-27
Let u(y) = -2*y**2 + 52*y + 50. What is u(27)?
-4
Let t(b) = 34*b**2 + 5*b - 8. What is t(1)?
31
Let m(c) = 1012*c - 9306. What is m(9)?
-198
Let v(y) = -3*y**2 - 9*y - 25. What is v(-3)?
-25
Let o(p) = 6*p + 164. Give o(-25).
14
Let r(p) = -2*p**2 + 190*p + 984. Calculate r(-5).
-16
Let x(h) = -h**2 + 254*h - 15977. Give x(137).
52
Let u(b) = b**3 + 14*b**2 - 32*b - 40. Determine u(-16).
-40
Let u(v) = -10*v + 40. What is u(2)?
20
Let q(s) = 86*s + 1722. Give q(-20).
2
Let u(n) = n**3 + 78*n**2 - 1080*n + 51. Determine u(-90).
51
Let f(b) = -1345*b + 8102. Determine f(6).
32
Let m(s) = -3062*s - 58166. What is m(-19)?
12
Let b(u) = 2*u**3 + 26*u**2 + 91*u + 84. Calculate b(-8).
-4
Let c(t) = t**3 + 65*t**2 + 137*t + 701. Calculate c(-63).
8
Let i(p) = -10*p**3 - 1198*p**2 + 237*p - 365. Determine i(-120).
-5
Let v(w) = 2*w**2 + w + 2. Give v(4).
38
Let x(z) = z**2 - 33*z - 633. What is x(47)?
25
Let t(i) = 2*i**2 - 18*i + 64. Calculate t(8).
48
Let v(u) = -u**3 + 177*u**2 - 525*u + 512. Calculate v(174).
-10
Let k(s) = -2*s**2 - 33*s + 967. Give k(0).
967
Let s(z) = 3*z**2 - 274*z + 1604. Determine s(6).
68
Let q(s) = -s - 7. Determine q(-14).
7
Let t(q) = -q**2 - 15*q - 8. Give t(-4).
36
Let d(z) = -11*z**2 - 2026*z - 453. Give d(-184).
-85
Let q(x) = -220*x - 3727. Give q(-17).
13
Let u(y) = -306*y + 5511. Determine u(18).
3
Let g(q) = -7*q**3 - q**2 + 18*q + 35. Calculate g(-3).
161
Let s(j) = -j**2 - 67*j + 851. What is s(-78)?
-7
Let a(q) = -6*q**3 + 48*q**2 - 5*q + 50. What is a(8)?
10
Let w(r) = 7*r + 139. Give w(-21).
-8
Let s(j) = j**2 - 101*j + 299. What is s(3)?
5
Let f(v) = -2*v**2 + 4*v - 57. Give f(9).
-183
Let h(c) = c**2 - 12*c - 103. Give h(14).
-75
Let l(z) = z**3 - 28*z**2 + 55*z - 16. Determine l(26).
62
Let v(m) = -9518*m + 142768. Give v(15).
-2
Let x(g) = -44*g - 44. What is x(-1)?
0
Let i(a) = a**3 - 13*a**2 - 60*a + 2. Determine i(-3).
38
Let h(b) = b**3 + 11*b**2 + 2*b + 20. Give h(-11).
-2
Let i(l) = -2*l**2 + 100*l - 1171. Give i(36).
-163
Let h(o) = -37*o + 51. Calculate h(-3).
162
Let t(b) = 9*b**2 - 60*b - 66. Calculate t(-1).
3
Let z(g) = -g**3 - 72*g**2 - 84*g - 819. Calculate z(-71).
104
Let c(b) = b**3 - 31*b**2 + 13*b + 529. Give c(30).
19
Let o(q) = 996*q + 11015. Give o(-11).
59
Let b(a) = 43*a + 798. Give b(-18).
24
Let o(m) = m**3 - 27*m**2 + 12*m + 52. Give o(27).
376
Let n(w) = w**2 - 23*w - 686. What is n(41)?
52
Let w(m) = -2*m**3 + 95*m**2 - 241*m - 46. Determine w(45).
-766
Let n(x) = -x**3 - 11*x**2 + 33*x + 68. What is n(-13)?
-23
Let h(o) = -6*o**2 + 12*o - 27. Give h(5).
-117
Let n(c) = c**3 - 3*c**2 - 39*c - 10. Determine n(-5).
-15
Let f(o) = -9547*o - 95464. What is f(-10)?
6
Let h(w) = w**3 - 25*w**2 - 261*w - 103. What is h(33)?
-4
Let v(l) = -5*l**2 + 407*l - 809. Determine v(2).
-15
Let h(s) = 3*s**2 + 27*s + 45. What is h(-10)?
75
Let j(u) = -u**2 + 40*u - 83. Determine j(25).
292
Let a(x) = -10*x - 8. What is a(2)?
-28
Let s(k) = k**3 - 17*k**2 + 36*k - 71. Determine s(0).
-71
Let r(o) = -61*o + 2222. Give r(32).
270
Let p(b) = 127*b - 23. What is p(0)?
-23
Let p(w) = w**3 - 120*w**2 + 358*w - 800. What is p(117)?
19
Let u(t) = -4*t**3 - 313*t**2 + 237*t + 5. Calculate u(-79).
5
Let n(v) = v**2 + 22*v + 225. Calculate n(-16).
129
Let u(o) = -o**2 + 20*o - 49. Give u(21).
-70
Let v(g) = -g**3 - 16*g**2 + 127*g - 90. Calculate v(-21).
-552
Let n(a) = -3*a**3 - a + 9. Determine n(-4).
205
Let n(r) = -92*r**2 - 5709*r - 325. What is n(-62)?
-15
Let p(k) = 10*k - 68. What is p(5)?
-18
Let u(f) = -134*f - 310. Determine u(-2).
-42
Let v(k) = -3*k**3 - 89*k**2 - 591*k. Calculate v(-10).
10
Let q(m) = m**2 - 31*m + 28. Calculate q(23).
-156
Let w(r) = -2*r**2 + 54*r + 651. Give w(36).
3
Let n(d) = 11*d**2 - 46*d - 16. Give n(5).
29
Let q(z) = 2*z**2 + 51*z + 159. Determine q(-11).
-160
Let k(u) = -u**2 - 423*u - 8064. Calculate k(-20).
-4
Let m(a) = -88*a - 218. Calculate m(2).
-394
Let j(b) = 2*b**2 - 262*b + 8450. Give j(74).
14
Let y(u) = u**3 - 11*u**2 + 11*u - 85. Give y(9).
-148
Let g(f) = 23*f - 618. Give g(27).
3
Let o(i) = -19*i**2 - 88*i - 28. Determine o(-5).
-63
Let w(q) = -q**3 + 17*q**2 + 28*q - 70. Give w(18).
110
Let b(f) = -15*f**2 - 156*f - 37. Determine b(-10).
23
Let c(i) = i**3 - 13*i**2 - 12*i + 300. Determine c(11).
-74
Let j(w) = -5*w**3 + 32*w**2 + 10*w + 21. Calculate j(5).
246
Let y(l) = l**3 - 3*l**2 - 44*l + 46. What is y(-6)?
-14
Let h(a) = -4*a + 259. What is h(61)?
15
Let m(w) = -197*w - 16. Calculate m(2).
-410
Let m(w) = -132*w - 400. Calculate m(-3).
-4
Let n(r) = 34*r - 198. What is n(6)?
6
Let a(d) = -d**3 + 6*d**2 - 684*d + 2690. What is a(4)?